- 3*b + 355. What is the highest common divisor of 33 and d?
11
Suppose -3*u + 5*n + 40 = 0, -5*n + 0 - 25 = -2*u. Let g be 6/(-6)*-3*u. Let r = 81 - g. What is the highest common divisor of 4 and r?
4
Let p = 91 + -45. Let z(f) = -5*f**2 + 6*f - 2. Let n be z(2). Let a = n + p. Calculate the highest common divisor of 4 and a.
4
Suppose -2*v = -40 - 18. What is the highest common factor of 290 and v?
29
Let t(p) = 3*p**3. Let l be t(1). Let u be (l - (-2 - -5)) + 3. Suppose u*m = 38 + 43. Calculate the greatest common factor of 189 and m.
27
Let x(q) = 2*q**2 - 3*q - 9. Let t be x(4). What is the highest common factor of t and 704?
11
Suppose -2*g + j - 10 = -3*g, j = 5. Suppose -f - 4*a = 0, g*f - a = a + 110. What is the highest common divisor of 140 and f?
20
Let w be (140/(-8))/(3/(-18)). Suppose -25 = -2*n - 3*p, 0 = 5*n - 0*n - p - w. Suppose 0 = -0*s + 4*s - 80. What is the greatest common divisor of n and s?
20
Suppose -2*m = -4*a + 22, 21*a - 20*a + 4*m - 28 = 0. Let v(j) = 87*j**2 + j. Let k be v(1). Calculate the greatest common factor of k and a.
8
Let l = 172 - 158. Calculate the highest common divisor of l and 203.
7
Let i(z) = z**3 - z**2 + 2. Let q be i(2). What is the greatest common factor of 30 and q?
6
Suppose -f - f + 117 = 5*z, 67 = 3*z - 2*f. Suppose -7*m - 5*m + 1380 = 0. Calculate the greatest common factor of m and z.
23
Suppose 25*x - 211 = 289. Let o = 155 - 87. Suppose 3*k - o = -x. What is the greatest common factor of k and 4?
4
Suppose -43 = q + 45. Let u be q/(-14) - 6/21. What is the highest common divisor of 48 and u?
6
Suppose 0 = -4*r + 2*s - 274, -4*r + 4*s - 150 = 130. Let q = -34 - r. What is the greatest common divisor of q and 363?
33
Let z = 11 + 5. Let h = 102 + 147. Suppose -5*t = 2*i - h, -5*i + 107 = -4*i - t. What is the greatest common divisor of z and i?
16
Suppose 2*r + j - 5*j = 60, -r = -j - 27. Let q be (r/(-42))/(2/(-91)). What is the highest common factor of 26 and q?
26
Let o(l) = 10*l - 27. Let x be o(6). Suppose -31*c + x*c - 80 = 0. What is the greatest common divisor of c and 100?
20
Let q = -1214 - -1226. What is the highest common factor of 492 and q?
12
Let s be 32 + (3 + -7)*2. Let d = 989 - 593. Suppose -4*w + d = -84. Calculate the highest common divisor of w and s.
24
Let s(k) = -k - 11. Let o be s(-16). Let h be 128 + (-4)/(10/o). What is the greatest common divisor of h and 14?
14
Let o(t) = -t**2 - 15*t + 63. Let k be o(-8). What is the highest common factor of k and 238?
119
Suppose -2*f + 32 = -12. Let c = f + -10. Calculate the highest common factor of 30 and c.
6
Suppose 78*k + 5*d = 79*k - 623, -5*k - 4*d + 3115 = 0. Calculate the highest common factor of 7 and k.
7
Let k be (-28)/(-21)*270/4. Let y = 12 - 2. Calculate the highest common factor of k and y.
10
Suppose 2*h - h - 19 = -u, -5*u + 4*h = -140. Suppose 168 = -5*m + 6*m. What is the greatest common factor of u and m?
24
Let h = -865 - -909. What is the highest common factor of h and 11?
11
Let s(k) = 62*k - 153. Let f be s(4). What is the highest common divisor of 10 and f?
5
Let c(q) = -q**2 - 1 + 5*q**3 + 0*q - q + 3*q. Let m be c(1). What is the greatest common factor of m and 5?
5
Let z be ((-8)/10)/(2/(-50)). Suppose 0 = -13*d - 472 + 3592. Calculate the greatest common factor of z and d.
20
Suppose -114 = -5*r + 135*z - 138*z, 0 = -r + 5*z + 34. Calculate the greatest common factor of 2004 and r.
12
Let p be 43 + 5 - (4 - 12). Calculate the highest common divisor of 161 and p.
7
Suppose 2*s + 2 = 3*q, 0 = 4*q - 8. Suppose s = 3*m - 4. Let r be (288/(-60))/(m/(-15)). Calculate the greatest common factor of r and 9.
9
Let l(v) = -v**2 - 12*v + 5. Let h be l(-11). Suppose 53 + 107 = h*x. What is the highest common divisor of 40 and x?
10
Let k = -79 - -288. Let z(v) = -v**3 + v**2 + 7*v + 4. Let h be z(-3). What is the greatest common divisor of h and k?
19
Let m = 73 - 43. Let n be 46 + 0 + 5 + -11. Calculate the greatest common divisor of m and n.
10
Let f(s) = -s**3 + 9*s**2 + 10*s - 10. Let n be -8 + 5 - 0/2. Let z = 12 + n. Let l be f(z). Calculate the highest common divisor of 8 and l.
8
Let d be 36/(-63)*(-7)/2. Let g(i) = 3*i**3 - 6*i**2 + 6*i. Let r be g(d). Calculate the greatest common factor of 42 and r.
6
Suppose 2*b = -0 + 56. Suppose -47 = -t + 2*n + 39, 257 = 3*t - 5*n. Calculate the highest common factor of b and t.
28
Let a(i) = -5*i - 12. Let d be a(-13). Suppose -3*h - 11 = -d. Suppose 0 = 4*u, y + 6 = 4*y + 4*u. What is the highest common divisor of y and h?
2
Let w = 123 - 33. Suppose p + 11 = 5*c, 8*c = -3*p + 3*c + 47. Calculate the highest common divisor of w and p.
9
Let c = -96 - -150. Let v be (360/(-10))/(-3 + 2). What is the greatest common factor of c and v?
18
Suppose 26*o = 30*o - 64. Let i = o + -4. Calculate the highest common factor of i and 84.
12
Let z = -297 + 479. Suppose -z + 50 = -2*a. Calculate the greatest common divisor of 6 and a.
6
Suppose -15*b + 16 = -11*b. Calculate the highest common factor of b and 136.
4
Let v(k) = -5*k + 34. Let b be v(5). Let s = 181 - 180. What is the greatest common divisor of s and b?
1
Let q be (1078/(-3) - -4)*51/(-34). Calculate the greatest common divisor of q and 39.
13
Let k = 1 + 16. Let t be (-12)/22 - 6008/(-44). What is the highest common factor of k and t?
17
Let l = 959 - 623. Calculate the highest common divisor of l and 144.
48
Suppose 0 = 7*h - 824 - 436. Let w = 214 + -142. Calculate the greatest common factor of w and h.
36
Suppose 17 = 2*z + 5. Suppose -y - 5*f = -19, y + z = 5*f - 5. Suppose 5*i - 2*v + 14 = 63, -34 = -y*i - v. What is the highest common divisor of i and 1?
1
Let o be 4437/136 - (12/(-32) - 0). Suppose -44 = -2*j + j. Suppose -j = -0*z - 4*z. What is the greatest common divisor of o and z?
11
Suppose -2*v + 0*b + 54 = 2*b, -5*v = -4*b - 90. Let g = -125 - -127. Calculate the greatest common divisor of v and g.
2
Let b(g) = -2*g - 1. Let z = -10 + 1. Let i be b(z). Let l(u) = -u**3 + 14*u**2 - 3*u - 11. Let a be l(13). Calculate the highest common factor of a and i.
17
Suppose -460*l + 454*l + 30 + 18 = 0. Suppose -12 = -3*y + 252. What is the highest common factor of l and y?
8
Suppose 12 = -2*m + 4*p, 2*m + 2*p + 12 = -12. Let s be -1 + (-494)/(-5) - 2/m. Calculate the highest common divisor of s and 14.
14
Let v(m) = m**2 + m + 4. Let t be v(-2). Let i be (t - 4) + 0 + (11 - -3). What is the greatest common divisor of 2 and i?
2
Let d(v) = v + 175. Let m be d(0). Let l = 292 - m. Calculate the highest common factor of 9 and l.
9
Let y = 44 - 42. Suppose -2*o + 15 = 5, -g + y*o = -12. Calculate the highest common divisor of g and 11.
11
Let x(l) = 12*l + 452. Let m be x(-16). Calculate the greatest common factor of m and 40.
20
Suppose 16*p = -4*p + 420. What is the highest common divisor of 147 and p?
21
Suppose 206 + 19 = 5*k. Calculate the greatest common divisor of 60 and k.
15
Suppose -206*p = -207*p + 56. What is the greatest common factor of 14 and p?
14
Let c be (-3)/((-6)/4) - -15. Let r = 20 - c. Suppose 0 = -4*a, r*a = -3*m - 0*m + 390. Calculate the greatest common factor of m and 26.
26
Let p(c) = -c**2 + 3*c + 20. Let z be p(6). Let g be (z + -4)*(-3 + 2). Calculate the highest common divisor of 5 and g.
1
Let a(g) = -2*g - 5. Let r(k) = -5*k**3 + 2*k - 1. Let f be r(1). Let v be a(f). Suppose 5*n + v = 28. What is the highest common divisor of n and 55?
5
Let s = 11 + 21. Let h be (-768)/(-30) + (-2)/(-5). Suppose 0 = 4*l - 2*z - h, 2*z + 6 = -3*l + 36. Calculate the greatest common factor of l and s.
8
Let x be ((-29)/(-87))/(2/96). What is the greatest common factor of 208 and x?
16
Suppose 0 = 8*c - 80 + 32. Calculate the greatest common divisor of 96 and c.
6
Suppose 2*z - 92 = 4*p - 8, 3*z - 134 = 4*p. What is the highest common factor of z and 350?
50
Suppose 7*n = 49 + 105. What is the greatest common divisor of 242 and n?
22
Suppose 73 = -2*a + j - 40, 0 = a - 3*j + 64. Let q be 1108/10 - (-44)/a. What is the highest common divisor of 10 and q?
10
Suppose -3 - 3 = -2*d. Suppose 2*g - 8 = 4*g, -3*p + 3 = d*g. What is the highest common divisor of p and 20?
5
Suppose -4*d + 19 = 4*o + 11, -5*d = -3*o - 34. Calculate the highest common factor of 110 and d.
5
Let x be (-145